. What is the remainder when l(-4) is divided by k?
30
Let g be 6/24 + 2/(-8). Let x(r) = -13 + g*r - r - 3*r. Calculate the remainder when 11 is divided by x(-5).
4
Suppose -2*o + 1 = -5*z, 0 = -5*z - 2*o + 2 + 9. Suppose -7*h = -6*h + z. Let s(b) = -3*b - 1. What is the remainder when 3 is divided by s(h)?
1
Let v(c) = 6*c - 6018*c**2 + 37 + 6019*c**2 + 3*c. What is the remainder when 67 is divided by v(-4)?
16
Let x = -64 - -95. Let p = x - 6. Calculate the remainder when 48 is divided by p.
23
What is the remainder when (3/(-6))/((-2)/60) is divided by 16/6*(-4 + (-44)/(-8))?
3
Let q(g) = 2*g**3 - 6*g**2 + 5*g + 2. Let u be q(4). Let x = u + -30. Let c(m) = m**2 + 5*m - 1. What is the remainder when x is divided by c(-7)?
11
Let l = 1123 + -1039. Calculate the remainder when 86 is divided by l.
2
Suppose 140*a = 156*a - 7024. What is the remainder when a is divided by 88?
87
Let r = -85 + 89. Suppose -2*j - 3*j = -30. What is the remainder when j is divided by r?
2
What is the remainder when 51 + -1 + 3 + -4 is divided by (1/9)/(13/(-507))*-6?
23
Let w = 438 + -419. Suppose -o = 5*f - 1, f - 5*f = 8. What is the remainder when w is divided by o?
8
Suppose -5*y + y = -24. Suppose -50 = -5*s - 4*x, -3*x - 43 = -3*s + s. Calculate the remainder when s is divided by y.
2
Let s = 1393 - -558. What is the remainder when s is divided by 32?
31
Suppose 4*q = 6*q - 100. Let z be -3 - (-4 - -2*8). Let f = 28 + z. What is the remainder when q is divided by f?
11
Let u = -426 - -445. Calculate the remainder when u is divided by 14.
5
Let n(g) = 72 + 2*g - 2*g**2 - 61 - 2*g**3 + 0*g. What is the remainder when 28 is divided by n(0)?
6
Let n = -144 + 170. What is the remainder when 129 is divided by n?
25
Let f be (-4)/(-6) - 2/3. Let d(x) = -x**3 - x**2 - 2*x + 20. What is the remainder when 59 is divided by d(f)?
19
Let x = -54 + 0. Calculate the remainder when -1 + 1 + -2 - x is divided by 19.
14
Let h be ((0 - 0) + -2)*1*-13. Let w = h + 86. What is the remainder when w is divided by 39?
34
Suppose -6*h - 3*h - 864 = 0. Let k = h + 165. What is the remainder when k is divided by 24?
21
Let x(g) = -3*g + 1. Let q(o) = -o**3 + 6*o**2 + 4*o - 5. Let j be q(5). Calculate the remainder when x(-6) is divided by j/6*12/8.
9
Let g = -29 + 59. What is the remainder when 9 is divided by g/9*6/5?
1
Let v(n) = -n**2 - 20*n - 66. What is the remainder when 124 is divided by v(-15)?
7
Suppose -2*g - 54 = -4*j, 3*g = -5*j - g + 35. What is the remainder when 20 is divided by j?
9
Suppose -11*n - 31 = -1142. What is the remainder when n is divided by 35?
31
Suppose 0 = -6*r + 7 + 5. Suppose -5*v = 2*a + r*a - 85, v + 10 = a. Calculate the remainder when a is divided by 50/6 + 6/(-18).
7
Suppose 0 = -5*c - 2*m + 125, -12*m + 13*m = -5*c + 120. Let t(l) = -l**3 + 9*l**2 - 6*l - 3. Calculate the remainder when c is divided by t(8).
10
Let c(i) = -3*i**2 - 2*i - 6. Let n be c(4). What is the remainder when 2/(-10) - n/10 is divided by 4?
2
Let u(z) = -z**3 + 10*z**2 + z - 7. Let h be u(10). Calculate the remainder when -92*(2 - (-5)/(-2)) is divided by 30/h + 2 + 4.
14
Let c(y) = 6*y**3 + 6*y - 8. Calculate the remainder when c(2) is divided by 11.
8
Suppose -80*s = -65*s - 4215. What is the remainder when s is divided by 30?
11
Let z(f) = -3*f - 6. Let v be z(-3). Suppose v*y = -4*x - 6, 0*y - 2*x = y + 4. Suppose -3*s - y*s = -20. What is the remainder when 18 is divided by s?
2
Suppose -4*c - 5*r = 13, -4*c = 2*r + 8 + 2. Let o = 40 + -28. What is the remainder when (-6)/c + (-220)/(-5) is divided by o?
11
What is the remainder when (-85)/(-5) - 1/(2/(-6)) is divided by 11?
9
Let t = -88 - -7. Let r = t - -103. Let f(w) = 3*w**2 + 3*w + 5. Calculate the remainder when f(-4) is divided by r.
19
Suppose -5*a = -q - 2, -7*a + 2*a = -5. Suppose -195 = -q*x - 2*c + 202, x = -2*c + 139. What is the remainder when x is divided by 11?
8
Let v = -209 - -257. What is the remainder when v is divided by 28?
20
Suppose 0 = -2*x + 1 + 9. Suppose 4*y + x = 29. What is the remainder when 35 is divided by y?
5
Let n be (-27)/(-9) - 0/2. Suppose -n*c + 391 = 310. What is the remainder when c is divided by 2?
1
Let w(n) = 3*n. Let q be ((-4)/6)/(6/9) + -9. What is the remainder when (-2)/(-2) - 100/q is divided by w(1)?
2
Let b = 3 + 6. Let y = -25 + 58. What is the remainder when y is divided by b?
6
Let w be (2/(-3))/((-3)/27). Suppose 0 = -w*b + b + 110. What is the remainder when b is divided by (-230)/(-40) - 1/(-4)?
4
Let n(v) = v + 1. Let d(p) = -2*p - 7. Let u(t) = d(t) - 2*n(t). Calculate the remainder when u(-5) is divided by 4.
3
Let n(g) = -g**3 + 5*g**2 + 3*g + 3. Let k be n(5). Suppose 5*j + 6*m - m - 45 = 0, -k = -2*j + m. What is the remainder when -2*1*(-30)/4 is divided by j?
6
Suppose 4*x = 3*s + 2*x + 38, 5*s - 5*x = -70. Calculate the remainder when 32 is divided by 2 + (-82)/s - (-2)/(-10).
2
Let c(j) = -j**3 - 11*j**2 - 20*j - 7. Let a be c(-9). Suppose -7*b - 304 = -a*b. What is the remainder when b is divided by 13?
11
Let q(m) = 2*m**2 + 6*m + 33. What is the remainder when q(-10) is divided by 44?
41
Calculate the remainder when (-162 + 2)/((-345)/414) is divided by 13.
10
What is the remainder when 207 is divided by 22*18/(-4 - -10)?
9
What is the remainder when 4/(-6)*2250/(-12) is divided by (16/(-5)*-2)/(2/10)?
29
Suppose 0 = -0*t + 6*t - 612. Suppose -2*s + t = 3*w, -2 = -4*s + 10. Suppose 2 = -3*m + w. What is the remainder when 28 is divided by m?
8
Suppose 11*g = 6*g + 50. What is the remainder when 15 is divided by g?
5
Suppose -30 - 18 = -4*p. Let v = 2 - 11. Let m = p + v. What is the remainder when 10 is divided by m?
1
Let r = 158 + -158. Let j be 3*3 + 0/2. What is the remainder when -3*(-33)/j + r is divided by 7?
4
Let x = 3515 - 2508. Calculate the remainder when x is divided by 84.
83
Suppose 0 = -50*g + 48*g - 3*a + 1735, -g = a - 866. Calculate the remainder when g is divided by 108.
107
Let j(t) = -2*t - 30. Let q be j(15). Let u(y) = -y**3 + 5*y**2 + y - 5. What is the remainder when (3/(-6))/(-1)*(-2 - q) is divided by u(4)?
14
Let u(i) = -3*i - 12. Let j be u(-6). Suppose 4*w - j*s + 2*s - 40 = 0, 28 = 3*w - s. What is the remainder when 24 is divided by w?
6
Suppose 4*r = 9*v - 11*v + 48, 4*v = -4*r + 104. Let d(y) = 13*y**3 + 2*y**2 + y. Let z be d(-1). Let x = v + z. What is the remainder when 44 is divided by x?
12
Let k be (3/5)/(2/(-10)). Let g be -3 - k - -2 - -3. Suppose 0*m = -4*m - 5*p + 198, -g*m - 3*p = -241. Calculate the remainder when m is divided by 10.
7
Suppose 5*b = -3*g + g - 20, -2*b = -5*g + 8. Let f be 63/(-4)*((-16)/6 + 0). Suppose -f = -n - g. Calculate the remainder when n is divided by 11.
9
Let t = 107 + -105. Suppose 4*l - 89 = p, 3*l + t*l + 3*p - 90 = 0. Calculate the remainder when 62 is divided by l.
20
Suppose 4 = 4*f, 4*v - 2*f = -127 + 345. What is the remainder when 124 is divided by v?
14
Let q = 293 - 209. What is the remainder when q is divided by 13?
6
Let q(z) be the third derivative of -z**5/60 - 5*z**4/6 - 7*z**3/3 + 9*z**2. Calculate the remainder when 85 is divided by q(-18).
19
Suppose -5*d = -22 - 3. Let w = 173 + -68. Suppose -w = -0*u - d*u. What is the remainder when u is divided by 11?
10
Suppose -23 = -9*a + 67. Suppose -a*g = -6*g - 28. Calculate the remainder when 13 is divided by g.
6
Let f(b) = 3*b - 11. Let r be f(5). Suppose 6*c = r*c + 32. Suppose -8 = y - 4*p + 2, -3*y + 5*p - 2 = 0. Calculate the remainder when c is divided by y.
4
Let i(b) = -2*b**2 - 7*b + 3 + 2*b + 2. Let g be i(4). Let v = -31 - g. Calculate the remainder when 45 is divided by v.
13
Suppose 41 = y - 13. What is the remainder when 485 is divided by y?
53
Let b = 329 - 308. Calculate the remainder when 55 is divided by b.
13
What is the remainder when (1128/4)/(-3)*-4 is divided by 14?
12
Suppose -a = 14*a - 1185. Let t be (1/(-1))/((-4)/20). Suppose 5*r = -t, -4*x + 50 = -x - 2*r. Calculate the remainder when a is divided by x.
15
Let o(g) = g**3 + 6*g**2 - 3*g. Let u be o(-5). Suppose 5*t - u = t. Let x(b) = -27*b**3 + b**2 + b + 1. Calculate the remainder when x(-1) is divided by t.
8
Suppose -5*d - 5*z + 545 = 0, -98 - 337 = -4*d - 5*z. Calculate the remainder when d is divided by 38.
34
What is 